{"id":829,"date":"2019-10-22T16:53:21","date_gmt":"2019-10-22T20:53:21","guid":{"rendered":"https:\/\/events.episcopalchurch.org\/eye\/faqs-preguntas-frecuentes\/"},"modified":"2023-01-06T01:38:48","modified_gmt":"2023-01-06T06:38:48","slug":"faqs-preguntas-frecuentes","status":"publish","type":"page","link":"https:\/\/events.episcopalchurch.org\/eye\/faqs-preguntas-frecuentes\/?lang=es","title":{"rendered":"FAQs (Preguntas frecuentes)"},"content":{"rendered":"\n<p>Hemos elaborado una lista exhaustiva de las preguntas m\u00e1s frecuentes sobre EYE. <\/p>\n\n<ul class=\"wp-block-list\">\n<li><a href=\"https:\/\/events.episcopalchurch.org\/eye\/wp-content\/uploads\/sites\/6\/2022\/12\/FAQs.pdf\">FAQs (English)<\/a><\/li>\n\n\n\n<li><a href=\"https:\/\/events.episcopalchurch.org\/eye\/wp-content\/uploads\/sites\/6\/2022\/12\/FAQs_SP.pdf\" data-type=\"attachment\">FAQs (Espa\u00f1ol)<\/a><\/li>\n<\/ul>\n\n<p>Si tiene alguna pregunta que no se haya tratado aqu\u00ed, env\u00ede un correo electr\u00f3nico a EYE@EpiscopalChurch.org. Tambi\u00e9n animamos a los inscritos y acompa\u00f1antes a participar en uno de los seminarios web informativos que celebraremos antes del evento.<\/p>\n\n<p>Para obtener las grabaciones de los primeros seminarios web informativos celebrados en ingl\u00e9s y espa\u00f1ol en noviembre y diciembre de 2022, env\u00ede un correo electr\u00f3nico a EYE@EpiscopalChurch.org.<\/p>\n","protected":false},"excerpt":{"rendered":"<p>Hemos elaborado una lista exhaustiva de las preguntas m\u00e1s frecuentes sobre EYE. Si tiene alguna pregunta que no se haya tratado aqu\u00ed, env\u00ede un correo electr\u00f3nico a EYE@EpiscopalChurch.org. Tambi\u00e9n animamos a los inscritos y acompa\u00f1antes a participar en uno de los seminarios web informativos que celebraremos antes del evento. Para obtener las grabaciones de los &hellip;<\/p>\n","protected":false},"author":5,"featured_media":0,"parent":0,"menu_order":0,"comment_status":"closed","ping_status":"closed","template":"","meta":{"_searchwp_excluded":"","_genesis_hide_title":false,"_genesis_hide_breadcrumbs":false,"_genesis_hide_singular_image":false,"_genesis_hide_footer_widgets":false,"_genesis_custom_body_class":"","_genesis_custom_post_class":"","_genesis_layout":"","_kadence_starter_templates_imported_post":false,"footnotes":""},"class_list":{"0":"post-829","1":"page","2":"type-page","3":"status-publish","5":"entry"},"featured_image_src_large":false,"author_info":{"display_name":"Wendy Johnson","author_link":"https:\/\/events.episcopalchurch.org\/eye\/author\/wjohnson\/"},"comment_info":0,"taxonomy_info":[],"_links":{"self":[{"href":"https:\/\/events.episcopalchurch.org\/eye\/wp-json\/wp\/v2\/pages\/829","targetHints":{"allow":["GET"]}}],"collection":[{"href":"https:\/\/events.episcopalchurch.org\/eye\/wp-json\/wp\/v2\/pages"}],"about":[{"href":"https:\/\/events.episcopalchurch.org\/eye\/wp-json\/wp\/v2\/types\/page"}],"author":[{"embeddable":true,"href":"https:\/\/events.episcopalchurch.org\/eye\/wp-json\/wp\/v2\/users\/5"}],"replies":[{"embeddable":true,"href":"https:\/\/events.episcopalchurch.org\/eye\/wp-json\/wp\/v2\/comments?post=829"}],"version-history":[{"count":3,"href":"https:\/\/events.episcopalchurch.org\/eye\/wp-json\/wp\/v2\/pages\/829\/revisions"}],"predecessor-version":[{"id":832,"href":"https:\/\/events.episcopalchurch.org\/eye\/wp-json\/wp\/v2\/pages\/829\/revisions\/832"}],"wp:attachment":[{"href":"https:\/\/events.episcopalchurch.org\/eye\/wp-json\/wp\/v2\/media?parent=829"}],"curies":[{"name":"wp","href":"https:\/\/api.w.org\/{rel}","templated":true}]}}