{"id":322,"date":"2019-10-22T15:28:20","date_gmt":"2019-10-22T19:28:20","guid":{"rendered":"https:\/\/events.episcopalchurch.org\/eye\/formularios-requeridos\/"},"modified":"2023-01-18T18:56:27","modified_gmt":"2023-01-18T23:56:27","slug":"formularios-requeridos","status":"publish","type":"page","link":"https:\/\/events.episcopalchurch.org\/eye\/formularios-requeridos\/?lang=es","title":{"rendered":"Formularios requeridos"},"content":{"rendered":"\n<p>Los equipos legales actualizar\u00e1n las muestras de los formularios de Pacto, de Salud y de Autorizaci\u00f3n y se requerir\u00e1n en mayo. Todos las personas inscritas recibir\u00e1n los formularios definitivos que se requieren a m\u00e1s tardar el 1 de abril de 2023.<\/p>\n\n\n\n<p>Puede encontrar todos los formularios de muestra, las pol\u00edticas modelo de la Iglesia Segura y la Pol\u00edtica de Vacunaci\u00f3n <a href=\"https:\/\/www.episcopalchurch.org\/ministries\/youth-ministries\/model-policies-and-sample-forms\/\">aqui<\/a>.<\/p>\n\n\n\n\n","protected":false},"excerpt":{"rendered":"<p>Los equipos legales actualizar\u00e1n las muestras de los formularios de Pacto, de Salud y de Autorizaci\u00f3n y se requerir\u00e1n en mayo. Todos las personas inscritas recibir\u00e1n los formularios definitivos que se requieren a m\u00e1s tardar el 1 de abril de 2023. Puede encontrar todos los formularios de muestra, las pol\u00edticas modelo de la Iglesia Segura &hellip;<\/p>\n","protected":false},"author":5,"featured_media":0,"parent":0,"menu_order":0,"comment_status":"closed","ping_status":"closed","template":"","meta":{"_searchwp_excluded":"","_genesis_hide_title":false,"_genesis_hide_breadcrumbs":false,"_genesis_hide_singular_image":false,"_genesis_hide_footer_widgets":false,"_genesis_custom_body_class":"","_genesis_custom_post_class":"","_genesis_layout":"","_kadence_starter_templates_imported_post":false,"footnotes":""},"class_list":{"0":"post-322","1":"page","2":"type-page","3":"status-publish","5":"entry"},"featured_image_src_large":false,"author_info":{"display_name":"Wendy Johnson","author_link":"https:\/\/events.episcopalchurch.org\/eye\/author\/wjohnson\/"},"comment_info":0,"taxonomy_info":[],"_links":{"self":[{"href":"https:\/\/events.episcopalchurch.org\/eye\/wp-json\/wp\/v2\/pages\/322","targetHints":{"allow":["GET"]}}],"collection":[{"href":"https:\/\/events.episcopalchurch.org\/eye\/wp-json\/wp\/v2\/pages"}],"about":[{"href":"https:\/\/events.episcopalchurch.org\/eye\/wp-json\/wp\/v2\/types\/page"}],"author":[{"embeddable":true,"href":"https:\/\/events.episcopalchurch.org\/eye\/wp-json\/wp\/v2\/users\/5"}],"replies":[{"embeddable":true,"href":"https:\/\/events.episcopalchurch.org\/eye\/wp-json\/wp\/v2\/comments?post=322"}],"version-history":[{"count":4,"href":"https:\/\/events.episcopalchurch.org\/eye\/wp-json\/wp\/v2\/pages\/322\/revisions"}],"predecessor-version":[{"id":883,"href":"https:\/\/events.episcopalchurch.org\/eye\/wp-json\/wp\/v2\/pages\/322\/revisions\/883"}],"wp:attachment":[{"href":"https:\/\/events.episcopalchurch.org\/eye\/wp-json\/wp\/v2\/media?parent=322"}],"curies":[{"name":"wp","href":"https:\/\/api.w.org\/{rel}","templated":true}]}}