{"id":298,"date":"2019-10-31T19:18:43","date_gmt":"2019-10-31T23:18:43","guid":{"rendered":"https:\/\/events.episcopalchurch.org\/eye\/idoneidad-de-los-jovenes\/"},"modified":"2023-01-18T18:34:43","modified_gmt":"2023-01-18T23:34:43","slug":"idoneidad-de-los-jovenes","status":"publish","type":"page","link":"https:\/\/events.episcopalchurch.org\/eye\/idoneidad-de-los-jovenes\/?lang=es","title":{"rendered":"Requisitos para los j\u00f3venes"},"content":{"rendered":"\n<p>No todos los adolescentes est\u00e1n listos para viajar en grupo y a un evento de la magnitud de EYE23. Y para algunos adolescentes, el EYE23 cambiar\u00e1 sus vidas y su compromiso con la Iglesia para siempre. Los invitamos al discernimiento para ayudar a identificar la mejor delegaci\u00f3n posible que puedan reunir para viajar juntos.<\/p>\n\n\n\n<p>Recomendamos encarecidamente establecer un proceso de solicitud y discernimiento locales para evaluar a los candidatos que han de formar parte de su delegaci\u00f3n. Recomendamos encarecidamente que escojan a los adolescentes m\u00e1s emocionalmente estables y espiritualmente maduros que hayan manifestado curiosidad y compromiso por vivir una vida de fidelidad.<\/p>\n\n\n\n<p>Los programas del EYE23 se centran en ayudar a desarrollar capacidades de liderazgo, pr\u00e1cticas espirituales y etapas tempranas de discernimiento vocacional. Los adolescentes que se enfrentan a elevados niveles de ansiedad y depresi\u00f3n pueden encontrarse sujetos a un mayor estr\u00e9s con viajes e interacciones a gran escala en lugares desconocidos.<\/p>\n\n\n\n<p>Cerci\u00f3rese de revisar todos los formularios m\u00e9dicos y tener conversaciones adecuadas  y comprensivas con los padres o tutores sobre las condiciones de salud graves que se revelen en el proceso de la solicitud.<\/p>\n\n\n\n<p>Es esencial que al menos el\/la acompa\u00f1ante principal (de 25 a\u00f1os o m\u00e1s) est\u00e9 al tanto de las preocupaciones m\u00e9dicas (f\u00edsicas, mentales y emocionales), la administraci\u00f3n adecuada de medicamentos y las expectativas para el tratamiento de una emergencia o crisis evidente. El EYE23 cuenta tanto con un equipo de atenci\u00f3n pastoral como de  emergencia m\u00e9dica, sin embargo, su funci\u00f3n principal es administrar la medicaci\u00f3n seg\u00fan lo prescrito e instruido, administrar primeros auxilios cuando sea necesario, y clasificar y remitir a un nivel superior de atenci\u00f3n seg\u00fan lo determinen las pr\u00e1cticas de evaluaci\u00f3n de la emergencia.<\/p>\n\n\n\n<h3 class=\"wp-block-heading\">Criterios<\/h3>\n\n\n\n<ul class=\"wp-block-list\">\n<li>EYE23 participants must have turned at least 15 and be no older than 19 by July 4, 2023. Participants should be enrolled in 9th, 10th, 11th, or 12th grade during the 2022-2023 school year, or equivalent, for students in non-traditional or non-US school settings. Current 9th graders who will be 14 on July 4, 2023, will have an opportunity to attend EYE26 as the Episcopal Youth Event is on a three-year cycle.<\/li>\n\n\n\n<li>A delegation with any 19-year-olds must have chaperones no younger than 22.&nbsp;<\/li>\n\n\n\n<li>Todos los participantes en el EYE23 deber\u00e1n vacunarse de acuerdo con la Pol\u00edtica Modelo de Vacunaci\u00f3n recientemente adoptada por el Consejo Ejecutivo, que incorpora las directrices de los CDC. Las exenciones de vacunaci\u00f3n s\u00f3lo se permitir\u00e1n a aquellos que presenten un certificado m\u00e9dico de exenci\u00f3n por motivos de salud.<\/li>\n\n\n\n<li>La Iglesia Episcopal no reconoce ni concede exenciones religiosas de vacunaci\u00f3n.<\/li>\n\n\n\n<li>Todos los participantes, j\u00f3venes y adultos, deben firmar el Pacto de Conducta de la Comunidad. Los padres\/tutores tambi\u00e9n deben firmar los pactos de los j\u00f3venes para que entiendan los requisitos y las posibles consecuencias si su hijo incumple el pacto.<\/li>\n<\/ul>\n","protected":false},"excerpt":{"rendered":"<p>No todos los adolescentes est\u00e1n listos para viajar en grupo y a un evento de la magnitud de EYE23. Y para algunos adolescentes, el EYE23 cambiar\u00e1 sus vidas y su compromiso con la Iglesia para siempre. Los invitamos al discernimiento para ayudar a identificar la mejor delegaci\u00f3n posible que puedan reunir para viajar juntos. Recomendamos &hellip;<\/p>\n","protected":false},"author":5,"featured_media":0,"parent":0,"menu_order":0,"comment_status":"closed","ping_status":"closed","template":"","meta":{"_searchwp_excluded":"","_genesis_hide_title":false,"_genesis_hide_breadcrumbs":false,"_genesis_hide_singular_image":false,"_genesis_hide_footer_widgets":false,"_genesis_custom_body_class":"","_genesis_custom_post_class":"","_genesis_layout":"","_kadence_starter_templates_imported_post":false,"footnotes":""},"class_list":{"0":"post-298","1":"page","2":"type-page","3":"status-publish","5":"entry"},"featured_image_src_large":false,"author_info":{"display_name":"Wendy Johnson","author_link":"https:\/\/events.episcopalchurch.org\/eye\/author\/wjohnson\/"},"comment_info":0,"taxonomy_info":[],"_links":{"self":[{"href":"https:\/\/events.episcopalchurch.org\/eye\/wp-json\/wp\/v2\/pages\/298","targetHints":{"allow":["GET"]}}],"collection":[{"href":"https:\/\/events.episcopalchurch.org\/eye\/wp-json\/wp\/v2\/pages"}],"about":[{"href":"https:\/\/events.episcopalchurch.org\/eye\/wp-json\/wp\/v2\/types\/page"}],"author":[{"embeddable":true,"href":"https:\/\/events.episcopalchurch.org\/eye\/wp-json\/wp\/v2\/users\/5"}],"replies":[{"embeddable":true,"href":"https:\/\/events.episcopalchurch.org\/eye\/wp-json\/wp\/v2\/comments?post=298"}],"version-history":[{"count":4,"href":"https:\/\/events.episcopalchurch.org\/eye\/wp-json\/wp\/v2\/pages\/298\/revisions"}],"predecessor-version":[{"id":878,"href":"https:\/\/events.episcopalchurch.org\/eye\/wp-json\/wp\/v2\/pages\/298\/revisions\/878"}],"wp:attachment":[{"href":"https:\/\/events.episcopalchurch.org\/eye\/wp-json\/wp\/v2\/media?parent=298"}],"curies":[{"name":"wp","href":"https:\/\/api.w.org\/{rel}","templated":true}]}}