{"id":844,"date":"2022-09-21T14:52:43","date_gmt":"2022-09-21T18:52:43","guid":{"rendered":"https:\/\/events.episcopalchurch.org\/eye\/quien-puede-venir\/"},"modified":"2023-01-18T18:55:00","modified_gmt":"2023-01-18T23:55:00","slug":"quien-puede-venir","status":"publish","type":"page","link":"https:\/\/events.episcopalchurch.org\/eye\/es\/quien-puede-venir\/?lang=es","title":{"rendered":"\u00bfQui\u00e9n puede venir?"},"content":{"rendered":"<h3 class=\"wp-block-heading\">J\u00f3venes<\/h3>\n\n<p>Los participantes en EYE23 deben haber cumplido al menos 15 a\u00f1os y no ser mayores de 19 antes del 4 de julio de 2023. Los participantes deben estar matriculados en 9\u00ba, 10\u00ba, 11\u00ba o 12\u00ba curso durante el a\u00f1o escolar 2022-2023, o equivalente, para estudiantes en entornos escolares no tradicionales o no estadounidenses. Los alumnos de 9\u00ba grado que tengan 14 a\u00f1os el 4 de julio de 2023 tendr\u00e1n la oportunidad de asistir al EYE26, ya que el Evento Episcopal de la Juventud tiene un ciclo de tres a\u00f1os. Los estudiantes de primer a\u00f1o que tengan 14 a\u00f1os el 4 de julio de 2023 tendr\u00e1n la oportunidad de asistir a EYE2026 ya que el Evento Episcopal de la Juventud tiene un ciclo de tres a\u00f1os.<\/p>\n\n<p>Para m\u00e1s informaci\u00f3n sobre la selecci\u00f3n de los j\u00f3venes que asistir\u00e1n y la elegibilidad de los j\u00f3venes, haga clic <a href=\"https:\/\/events.episcopalchurch.org\/eye\/es\/?page_id=298&amp;lang=es\">AQU\u00cd<\/a>.<\/p>\n\n<h3 class=\"wp-block-heading\">Acompa\u00f1antes<\/h3>\n\n<p>Los acompa\u00f1antes tienen quiz\u00e1s el mayor impacto en la experiencia de EYE para los j\u00f3venes que asisten. Se espera de ellos que den un excelente ejemplo de comportamiento y actitud y que proporcionen seguridad a los participantes mediante una disciplina diligente que respete unos l\u00edmites apropiados y saludables. Las delegaciones que cuenten con j\u00f3venes de 19 a\u00f1os deber\u00e1n tener acompa\u00f1antes que no sean menores de 22 a\u00f1os.\u00a0<\/p>\n\n<p>Para m\u00e1s informaci\u00f3n sobre los requisitos de los acompa\u00f1antes, haga clic <a href=\"https:\/\/events.episcopalchurch.org\/eye\/es\/?page_id=300&amp;lang=es\">AQU\u00cd<\/a>.<\/p>\n\n<h3 class=\"wp-block-heading\">Obisops<\/h3>\n\n<p>Los obispos est\u00e1n invitados a asistir al EYE23 como uno de los acompa\u00f1antes de sus j\u00f3venes o pueden inscribirse como obispo. La inscripci\u00f3n para obispos que no viajen como acompa\u00f1antes de una delegaci\u00f3n estar\u00e1 abierta hasta el viernes 31 de marzo de 2023. Los obispos que se inscriban independientemente de una delegaci\u00f3n no tendr\u00e1n la opci\u00f3n de alojamiento en el campus.<\/p>\n\n<p>For more about coming as a Bishop and housing options for Bishops, click HERE.Para m\u00e1s informaci\u00f3n sobre la venida como Obispo y las opciones de alojamiento para Obispos, haga clic AQU\u00cd.<\/p>\n\n<h3 class=\"wp-block-heading\">Expositores<\/h3>\n\n<p>Invitaremos a socios en el ministerio, organizaciones que sirven a j\u00f3venes y adultos j\u00f3venes, y otras organizaciones a ser expositores en EYE23. Por favor, <a href=\"mailto:eye@episcopalchurch.org\">env\u00edenos un correo electr\u00f3nico<\/a> si usted est\u00e1 interesado en ser un expositor en EYE23.<\/p>\n\n<h3 class=\"wp-block-heading\">Voluntarios<\/h3>\n\n<p>Las solicitudes <a href=\"https:\/\/dfms.formstack.com\/forms\/eye_2023_event_team_application\">est\u00e1n abiertas<\/a> ahora para voluntarios adultos para servir en el equipo del evento, que incluye: Dorm Crew, Equipo de Log\u00edstica, Equipo de Capellanes EYE, Equipo de Comunicaciones o Equipo de Atenci\u00f3n M\u00e9dica. Las solicitudes se recibir\u00e1n hasta el 13 de enero de 2023. Los miembros del equipo del evento son responsables de su propio viaje a\/desde EYE23.<\/p>\n\n<p>A nivel local, se necesitan cientos de voluntarios para que la EYE23 sea un \u00e9xito. Las congregaciones locales, las di\u00f3cesis y las provincias que apoyan la EYE23 ser\u00e1n las principales responsables del reclutamiento de voluntarios. Dispondremos de m\u00e1s informaci\u00f3n a medida que el Equipo de Planificaci\u00f3n del EYE23 contin\u00fae su discernimiento e identifique sus necesidades. Por favor, vuelva a consultar esta p\u00e1gina a finales de febrero para m\u00e1s noticias.<\/p>\n\n<p>Si tiene alguna pregunta, <a href=\"mailto:eye@episcopalchurch.org\">env\u00edenos un correo electr\u00f3nico<\/a>.<\/p>\n\n<h3 class=\"wp-block-heading\">Vacunaci\u00f3n<\/h3>\n\n<p>Todos los participantes en el EYE23 deber\u00e1n vacunarse de acuerdo con la Pol\u00edtica Modelo de Vacunaci\u00f3n recientemente adoptada por el Consejo Ejecutivo, que incorpora las directrices de los CDC. Las exenciones de vacunaci\u00f3n s\u00f3lo se permitir\u00e1n a aquellos que presenten un certificado m\u00e9dico de exenci\u00f3n por motivos de salud.<\/p>","protected":false},"excerpt":{"rendered":"<p>J\u00f3venes Los participantes en EYE23 deben haber cumplido al menos 15 a\u00f1os y no ser mayores de 19 antes del 4 de julio de 2023. Los participantes deben estar matriculados en 9\u00ba, 10\u00ba, 11\u00ba o 12\u00ba curso durante el a\u00f1o escolar 2022-2023, o equivalente, para estudiantes en entornos escolares no tradicionales o no estadounidenses. Los &hellip;<\/p>","protected":false},"author":444,"featured_media":0,"parent":0,"menu_order":0,"comment_status":"closed","ping_status":"closed","template":"","meta":{"_searchwp_excluded":"","_genesis_hide_title":false,"_genesis_hide_breadcrumbs":false,"_genesis_hide_singular_image":false,"_genesis_hide_footer_widgets":false,"_genesis_custom_body_class":"","_genesis_custom_post_class":"","_genesis_layout":"","_kadence_starter_templates_imported_post":false,"footnotes":""},"class_list":{"0":"post-844","1":"page","2":"type-page","3":"status-publish","5":"entry"},"featured_image_src_large":false,"author_info":{"display_name":"wwedderburn","author_link":"https:\/\/events.episcopalchurch.org\/eye\/es\/author\/wwedderburn\/"},"comment_info":0,"taxonomy_info":[],"_links":{"self":[{"href":"https:\/\/events.episcopalchurch.org\/eye\/es\/wp-json\/wp\/v2\/pages\/844","targetHints":{"allow":["GET"]}}],"collection":[{"href":"https:\/\/events.episcopalchurch.org\/eye\/es\/wp-json\/wp\/v2\/pages"}],"about":[{"href":"https:\/\/events.episcopalchurch.org\/eye\/es\/wp-json\/wp\/v2\/types\/page"}],"author":[{"embeddable":true,"href":"https:\/\/events.episcopalchurch.org\/eye\/es\/wp-json\/wp\/v2\/users\/444"}],"replies":[{"embeddable":true,"href":"https:\/\/events.episcopalchurch.org\/eye\/es\/wp-json\/wp\/v2\/comments?post=844"}],"version-history":[{"count":1,"href":"https:\/\/events.episcopalchurch.org\/eye\/es\/wp-json\/wp\/v2\/pages\/844\/revisions"}],"predecessor-version":[{"id":845,"href":"https:\/\/events.episcopalchurch.org\/eye\/es\/wp-json\/wp\/v2\/pages\/844\/revisions\/845"}],"wp:attachment":[{"href":"https:\/\/events.episcopalchurch.org\/eye\/es\/wp-json\/wp\/v2\/media?parent=844"}],"curies":[{"name":"wp","href":"https:\/\/api.w.org\/{rel}","templated":true}]}}

¿Quién puede venir?

<h3 class="wp-block-heading">Jóvenes</h3>

<p>Los participantes en EYE23 deben haber cumplido al menos 15 años y no ser mayores de 19 antes del 4 de julio de 2023. Los participantes deben estar matriculados en 9º, 10º, 11º o 12º curso durante el año escolar 2022-2023, o equivalente, para estudiantes en entornos escolares no tradicionales o no estadounidenses. Los alumnos de 9º grado que tengan 14 años el 4 de julio de 2023 tendrán la oportunidad de asistir al EYE26, ya que el Evento Episcopal de la Juventud tiene un ciclo de tres años. Los estudiantes de primer año que tengan 14 años el 4 de julio de 2023 tendrán la oportunidad de asistir a EYE2026 ya que el Evento Episcopal de la Juventud tiene un ciclo de tres años.</p>

<p>Para más información sobre la selección de los jóvenes que asistirán y la elegibilidad de los jóvenes, haga clic <a href="https://events.episcopalchurch.org/eye/es/?page_id=298&amp;lang=es">AQUÍ</a>.</p>

<h3 class="wp-block-heading">Acompañantes</h3>

<p>Los acompañantes tienen quizás el mayor impacto en la experiencia de EYE para los jóvenes que asisten. Se espera de ellos que den un excelente ejemplo de comportamiento y actitud y que proporcionen seguridad a los participantes mediante una disciplina diligente que respete unos límites apropiados y saludables. Las delegaciones que cuenten con jóvenes de 19 años deberán tener acompañantes que no sean menores de 22 años. </p>

<p>Para más información sobre los requisitos de los acompañantes, haga clic <a href="https://events.episcopalchurch.org/eye/es/?page_id=300&amp;lang=es">AQUÍ</a>.</p>

<h3 class="wp-block-heading">Obisops</h3>

<p>Los obispos están invitados a asistir al EYE23 como uno de los acompañantes de sus jóvenes o pueden inscribirse como obispo. La inscripción para obispos que no viajen como acompañantes de una delegación estará abierta hasta el viernes 31 de marzo de 2023. Los obispos que se inscriban independientemente de una delegación no tendrán la opción de alojamiento en el campus.</p>

<p>For more about coming as a Bishop and housing options for Bishops, click HERE.Para más información sobre la venida como Obispo y las opciones de alojamiento para Obispos, haga clic AQUÍ.</p>

<h3 class="wp-block-heading">Expositores</h3>

<p>Invitaremos a socios en el ministerio, organizaciones que sirven a jóvenes y adultos jóvenes, y otras organizaciones a ser expositores en EYE23. Por favor, <a href="mailto:eye@episcopalchurch.org">envíenos un correo electrónico</a> si usted está interesado en ser un expositor en EYE23.</p>

<h3 class="wp-block-heading">Voluntarios</h3>

<p>Las solicitudes <a href="https://dfms.formstack.com/forms/eye_2023_event_team_application">están abiertas</a> ahora para voluntarios adultos para servir en el equipo del evento, que incluye: Dorm Crew, Equipo de Logística, Equipo de Capellanes EYE, Equipo de Comunicaciones o Equipo de Atención Médica. Las solicitudes se recibirán hasta el 13 de enero de 2023. Los miembros del equipo del evento son responsables de su propio viaje a/desde EYE23.</p>

<p>A nivel local, se necesitan cientos de voluntarios para que la EYE23 sea un éxito. Las congregaciones locales, las diócesis y las provincias que apoyan la EYE23 serán las principales responsables del reclutamiento de voluntarios. Dispondremos de más información a medida que el Equipo de Planificación del EYE23 continúe su discernimiento e identifique sus necesidades. Por favor, vuelva a consultar esta página a finales de febrero para más noticias.</p>

<p>Si tiene alguna pregunta, <a href="mailto:eye@episcopalchurch.org">envíenos un correo electrónico</a>.</p>

<h3 class="wp-block-heading">Vacunación</h3>

<p>Todos los participantes en el EYE23 deberán vacunarse de acuerdo con la Política Modelo de Vacunación recientemente adoptada por el Consejo Ejecutivo, que incorpora las directrices de los CDC. Las exenciones de vacunación sólo se permitirán a aquellos que presenten un certificado médico de exención por motivos de salud.</p>

<p>Jóvenes Los participantes en EYE23 deben haber cumplido al menos 15 años y no ser mayores de 19 antes del 4 de julio de 2023. Los participantes deben estar matriculados en 9º, 10º, 11º o 12º curso durante el año escolar 2022-2023, o equivalente, para estudiantes en entornos escolares no tradicionales o no estadounidenses. Los &hellip;</p>
