{"id":835,"date":"2022-09-20T19:40:00","date_gmt":"2022-09-20T23:40:00","guid":{"rendered":"https:\/\/events.episcopalchurch.org\/eye\/health-considerations-and-vaccinationsconsideraciones-sanitarias-y-vacunas\/"},"modified":"2023-01-18T18:51:50","modified_gmt":"2023-01-18T23:51:50","slug":"health-considerations-and-vaccinationsconsideraciones-sanitarias-y-vacunas","status":"publish","type":"page","link":"https:\/\/events.episcopalchurch.org\/eye\/es\/health-considerations-and-vaccinationsconsideraciones-sanitarias-y-vacunas\/?lang=es","title":{"rendered":"Consideraciones sanitarias y vacunas"},"content":{"rendered":"<p>En respuesta a la resoluci\u00f3n del Consejo Ejecutivo de junio de 2019, la Iglesia Episcopal ha desarrollado un modelo de pol\u00edtica de vacunaci\u00f3n para sus eventos juveniles, que se anima a las di\u00f3cesis e instituciones episcopales a adaptar localmente. El prop\u00f3sito principal de esta pol\u00edtica es garantizar la seguridad de todos los ni\u00f1os en los eventos juveniles de la Iglesia Episcopal.<\/p>\n\n<p>Puede consultar la pol\u00edtica <a href=\"https:\/\/www.episcopalchurch.org\/wp-content\/uploads\/sites\/2\/2020\/12\/vaccination-policy-for-dfms.pdf\">aqui<\/a>.<\/p>\n\n<h3 class=\"wp-block-heading\">Vacunas Covid<\/h3>\n\n<p>Todos los participantes deber\u00e1n vacunarse contra el Covid. Estamos en proceso de determinar cu\u00e1les ser\u00e1n los protocolos y pol\u00edticas adicionales de Covid para el EYE23. Por ahora, nos atenemos a <a href=\"https:\/\/extranet.generalconvention.org\/staff\/files\/download\/31134\">la misma pol\u00edtica<\/a> que se utiliz\u00f3 en la Convenci\u00f3n General de 2022.<\/p>","protected":false},"excerpt":{"rendered":"<p>En respuesta a la resoluci\u00f3n del Consejo Ejecutivo de junio de 2019, la Iglesia Episcopal ha desarrollado un modelo de pol\u00edtica de vacunaci\u00f3n para sus eventos juveniles, que se anima a las di\u00f3cesis e instituciones episcopales a adaptar localmente. El prop\u00f3sito principal de esta pol\u00edtica es garantizar la seguridad de todos los ni\u00f1os en los &hellip;<\/p>","protected":false},"author":444,"featured_media":0,"parent":0,"menu_order":0,"comment_status":"closed","ping_status":"closed","template":"","meta":{"_searchwp_excluded":"","_genesis_hide_title":false,"_genesis_hide_breadcrumbs":false,"_genesis_hide_singular_image":false,"_genesis_hide_footer_widgets":false,"_genesis_custom_body_class":"","_genesis_custom_post_class":"","_genesis_layout":"","_kadence_starter_templates_imported_post":false,"footnotes":""},"class_list":{"0":"post-835","1":"page","2":"type-page","3":"status-publish","5":"entry"},"featured_image_src_large":false,"author_info":{"display_name":"wwedderburn","author_link":"https:\/\/events.episcopalchurch.org\/eye\/es\/author\/wwedderburn\/"},"comment_info":0,"taxonomy_info":[],"_links":{"self":[{"href":"https:\/\/events.episcopalchurch.org\/eye\/es\/wp-json\/wp\/v2\/pages\/835","targetHints":{"allow":["GET"]}}],"collection":[{"href":"https:\/\/events.episcopalchurch.org\/eye\/es\/wp-json\/wp\/v2\/pages"}],"about":[{"href":"https:\/\/events.episcopalchurch.org\/eye\/es\/wp-json\/wp\/v2\/types\/page"}],"author":[{"embeddable":true,"href":"https:\/\/events.episcopalchurch.org\/eye\/es\/wp-json\/wp\/v2\/users\/444"}],"replies":[{"embeddable":true,"href":"https:\/\/events.episcopalchurch.org\/eye\/es\/wp-json\/wp\/v2\/comments?post=835"}],"version-history":[{"count":3,"href":"https:\/\/events.episcopalchurch.org\/eye\/es\/wp-json\/wp\/v2\/pages\/835\/revisions"}],"predecessor-version":[{"id":881,"href":"https:\/\/events.episcopalchurch.org\/eye\/es\/wp-json\/wp\/v2\/pages\/835\/revisions\/881"}],"wp:attachment":[{"href":"https:\/\/events.episcopalchurch.org\/eye\/es\/wp-json\/wp\/v2\/media?parent=835"}],"curies":[{"name":"wp","href":"https:\/\/api.w.org\/{rel}","templated":true}]}}

<p>En respuesta a la resolución del Consejo Ejecutivo de junio de 2019, la Iglesia Episcopal ha desarrollado un modelo de política de vacunación para sus eventos juveniles, que se anima a las diócesis e instituciones episcopales a adaptar localmente. El propósito principal de esta política es garantizar la seguridad de todos los niños en los eventos juveniles de la Iglesia Episcopal.</p>

<p>Puede consultar la política <a href="https://www.episcopalchurch.org/wp-content/uploads/sites/2/2020/12/vaccination-policy-for-dfms.pdf">aqui</a>.</p>

<h3 class="wp-block-heading">Vacunas Covid</h3>

<p>Todos los participantes deberán vacunarse contra el Covid. Estamos en proceso de determinar cuáles serán los protocolos y políticas adicionales de Covid para el EYE23. Por ahora, nos atenemos a <a href="https://extranet.generalconvention.org/staff/files/download/31134">la misma política</a> que se utilizó en la Convención General de 2022.</p>

<p>En respuesta a la resolución del Consejo Ejecutivo de junio de 2019, la Iglesia Episcopal ha desarrollado un modelo de política de vacunación para sus eventos juveniles, que se anima a las diócesis e instituciones episcopales a adaptar localmente. El propósito principal de esta política es garantizar la seguridad de todos los niños en los &hellip;</p>
