{"id":286,"date":"2019-10-22T16:52:19","date_gmt":"2019-10-22T20:52:19","guid":{"rendered":"https:\/\/events.episcopalchurch.org\/eye\/acerca-de-la-pagina\/"},"modified":"2023-01-06T01:42:28","modified_gmt":"2023-01-06T06:42:28","slug":"acerca-de-la-pagina","status":"publish","type":"page","link":"https:\/\/events.episcopalchurch.org\/eye\/es\/acerca-de-la-pagina\/?lang=es","title":{"rendered":"Historia"},"content":{"rendered":"<p>Cada tres a\u00f1os, de acuerdo con la Resoluci\u00f3n <a href=\"https:\/\/www.episcopalarchives.org\/cgi-bin\/acts\/acts_resolution.pl?resolution=1982-D079\">#1982-D079<\/a> de la Convenci\u00f3n General, la Iglesia Episcopal convoca un evento internacional de la juventud para &#8220;que la energ\u00eda de la juventud de la Iglesia Episcopal pueda seguir siendo utilizada en el ministerio activo como miembros del Cuerpo de Cristo&#8221;.<\/p>\n\n<h3 class=\"wp-block-heading\">EYE17<\/h3>\n\n<p>In 2017 the Episcopal Youth Event (EYE17) welcomed more than 1,300 participants, workshop leaders, speakers, and volunteers to the campus of the University of Central Oklahoma in Edmond from July 10-14. Read the full\u00a0<a href=\"https:\/\/www.episcopalchurch.org\/posts\/eye\/eye17-final-report\">Final Report for EYE17<\/a>, available for download in both English and Spanish. Watch a video about EYE17 here. <\/p>\n\n<h3 class=\"wp-block-heading\">EJE19<\/h3>\n\n<p>En 2016, la Oficina de los ministerios \u00a0de los J\u00f3venes, J\u00f3venes Adultos y Universitario comenzaron a explorar la expansi\u00f3n del EYE para servir a nuestras di\u00f3cesis de la IX Provincia en Am\u00e9rica Latina. Gracias a subvenciones del Fondo Constable y de financiaci\u00f3n a\u00f1adida en la Convenci\u00f3n General de 2018, esta oficina pudo asociarse con la Oficina para el Ministerio Latino y la Oficina de la Alianza Global para Am\u00e9rica Latina y el Caribe al objeto de ofrecer un evento contextualizado en espa\u00f1ol para j\u00f3venes de 16 a 26 a\u00f1os. El Evento de J\u00f3venes Episcopales (EJE19) se inaugur\u00f3 en 2019 en la ciudad de Panam\u00e1, Panam\u00e1, en la Ciudad del Saber. Las siete di\u00f3cesis ayudaron a planificar y participaron con voluntarios e invitados de las provincias anglicanas de Brasil, IARCA y M\u00e9xico.<\/p>\n\n<h3 class=\"wp-block-heading\">EYE20<\/h3>\n\n<p>The Episcopal Youth Event that was slated to take place in July of 2020 was cancelled due to Covid-19. <\/p>","protected":false},"excerpt":{"rendered":"<p>Cada tres a\u00f1os, de acuerdo con la Resoluci\u00f3n #1982-D079 de la Convenci\u00f3n General, la Iglesia Episcopal convoca un evento internacional de la juventud para &#8220;que la energ\u00eda de la juventud de la Iglesia Episcopal pueda seguir siendo utilizada en el ministerio activo como miembros del Cuerpo de Cristo&#8221;. EYE17 In 2017 the Episcopal Youth Event &hellip;<\/p>","protected":false},"author":5,"featured_media":0,"parent":0,"menu_order":0,"comment_status":"closed","ping_status":"closed","template":"","meta":{"_searchwp_excluded":"","_genesis_hide_title":false,"_genesis_hide_breadcrumbs":false,"_genesis_hide_singular_image":false,"_genesis_hide_footer_widgets":false,"_genesis_custom_body_class":"","_genesis_custom_post_class":"","_genesis_layout":"","_kadence_starter_templates_imported_post":false,"footnotes":""},"class_list":{"0":"post-286","1":"page","2":"type-page","3":"status-publish","5":"entry"},"featured_image_src_large":false,"author_info":{"display_name":"Wendy Johnson","author_link":"https:\/\/events.episcopalchurch.org\/eye\/es\/author\/wjohnson\/"},"comment_info":0,"taxonomy_info":[],"_links":{"self":[{"href":"https:\/\/events.episcopalchurch.org\/eye\/es\/wp-json\/wp\/v2\/pages\/286","targetHints":{"allow":["GET"]}}],"collection":[{"href":"https:\/\/events.episcopalchurch.org\/eye\/es\/wp-json\/wp\/v2\/pages"}],"about":[{"href":"https:\/\/events.episcopalchurch.org\/eye\/es\/wp-json\/wp\/v2\/types\/page"}],"author":[{"embeddable":true,"href":"https:\/\/events.episcopalchurch.org\/eye\/es\/wp-json\/wp\/v2\/users\/5"}],"replies":[{"embeddable":true,"href":"https:\/\/events.episcopalchurch.org\/eye\/es\/wp-json\/wp\/v2\/comments?post=286"}],"version-history":[{"count":4,"href":"https:\/\/events.episcopalchurch.org\/eye\/es\/wp-json\/wp\/v2\/pages\/286\/revisions"}],"predecessor-version":[{"id":834,"href":"https:\/\/events.episcopalchurch.org\/eye\/es\/wp-json\/wp\/v2\/pages\/286\/revisions\/834"}],"wp:attachment":[{"href":"https:\/\/events.episcopalchurch.org\/eye\/es\/wp-json\/wp\/v2\/media?parent=286"}],"curies":[{"name":"wp","href":"https:\/\/api.w.org\/{rel}","templated":true}]}}

<p>Cada tres años, de acuerdo con la Resolución <a href="https://www.episcopalarchives.org/cgi-bin/acts/acts_resolution.pl?resolution=1982-D079">#1982-D079</a> de la Convención General, la Iglesia Episcopal convoca un evento internacional de la juventud para &#8220;que la energía de la juventud de la Iglesia Episcopal pueda seguir siendo utilizada en el ministerio activo como miembros del Cuerpo de Cristo&#8221;.</p>

<h3 class="wp-block-heading">EYE17</h3>

<p>In 2017 the Episcopal Youth Event (EYE17) welcomed more than 1,300 participants, workshop leaders, speakers, and volunteers to the campus of the University of Central Oklahoma in Edmond from July 10-14. Read the full <a href="https://www.episcopalchurch.org/posts/eye/eye17-final-report">Final Report for EYE17</a>, available for download in both English and Spanish. Watch a video about EYE17 here. </p>

<h3 class="wp-block-heading">EJE19</h3>

<p>En 2016, la Oficina de los ministerios  de los Jóvenes, Jóvenes Adultos y Universitario comenzaron a explorar la expansión del EYE para servir a nuestras diócesis de la IX Provincia en América Latina. Gracias a subvenciones del Fondo Constable y de financiación añadida en la Convención General de 2018, esta oficina pudo asociarse con la Oficina para el Ministerio Latino y la Oficina de la Alianza Global para América Latina y el Caribe al objeto de ofrecer un evento contextualizado en español para jóvenes de 16 a 26 años. El Evento de Jóvenes Episcopales (EJE19) se inauguró en 2019 en la ciudad de Panamá, Panamá, en la Ciudad del Saber. Las siete diócesis ayudaron a planificar y participaron con voluntarios e invitados de las provincias anglicanas de Brasil, IARCA y México.</p>

<h3 class="wp-block-heading">EYE20</h3>

<p>The Episcopal Youth Event that was slated to take place in July of 2020 was cancelled due to Covid-19. </p>

<p>Cada tres años, de acuerdo con la Resolución #1982-D079 de la Convención General, la Iglesia Episcopal convoca un evento internacional de la juventud para &#8220;que la energía de la juventud de la Iglesia Episcopal pueda seguir siendo utilizada en el ministerio activo como miembros del Cuerpo de Cristo&#8221;. EYE17 In 2017 the Episcopal Youth Event &hellip;</p>
